(-1) a prime number?
False
Let j(t) = 2*t**3 - 4*t**2 - 2*t + 3. Let c be j(3). Suppose 0 = 2*v + 2*g - 30, v = g + g + c. Suppose 1 - 16 = 5*h, -3*w = -3*h - v. Is w prime?
True
Is ((-269)/4)/((-4)/16) composite?
False
Let k be 676/8 - 1/2. Is k + 3/(9/(-3)) prime?
True
Let j = -4 - -4. Suppose -22 = -j*g + 2*g. Let s(o) = o**2 + 6*o + 7. Is s(g) composite?
True
Is 2*(-1)/((-2)/757) a composite number?
False
Is 376 - 2/2*(-2)/2 prime?
False
Let c(r) be the first derivative of -5*r**4/24 - 2*r**3/3 - 3*r**2/2 - 3. Let v(f) be the second derivative of c(f). Is v(-5) composite?
True
Let y(m) = -33*m**3 + m**2 - 3*m + 11. Is y(-6) a composite number?
False
Let y(i) = 82*i**2 - 2*i. Let q be y(-2). Suppose 2*m - q = 120. Is m prime?
False
Let p(r) = r**2 - 7*r + 2. Let f be p(4). Let j = 3 - f. Is j a prime number?
True
Let u(b) = -179*b + 1. Is u(-2) a prime number?
True
Let f = 619 - 92. Is f a composite number?
True
Let b = -3395 + 5710. Is b composite?
True
Let a(q) = -22*q + 9. Let u(k) = 2*k**3 + 2*k**2 + 1. Let o be u(-2). Is a(o) a prime number?
True
Let d = -1004 - -1791. Is d a prime number?
True
Let n(m) = -m + 17. Let o be n(13). Let l be (-4)/(-3)*6/4. Suppose 0*h + 214 = 4*y - l*h, 0 = o*y + 5*h - 207. Is y a composite number?
False
Suppose -2530 = -3*s + 6953. Is s a prime number?
False
Let b = -103 + 625. Suppose 5*p = 2*p - 3*y + b, 877 = 5*p - 2*y. Suppose -p = -6*j + j. Is j composite?
True
Let r = 0 + 3. Suppose -o - r*o - x = -143, 67 = 2*o - x. Is o prime?
False
Let z = -30 - -1. Let h = -14 - z. Is h a prime number?
False
Let z(b) = b**3 - b**2 + 168. Let w be z(0). Suppose -w + 22 = -2*c. Is 1/(-2)*(-1 - c) a composite number?
False
Suppose -2*l - 3*l + 616 = 3*k, 3*k = 4*l + 625. Suppose 1997 = 5*w - 3*b, 0 = 2*w - 5*b - k - 607. Is w a prime number?
True
Suppose -3*h + 112 = k, 0 = 5*h - 5*k - 116 - 64. Is h a prime number?
True
Suppose 1 = -c - 0. Let k(o) = 3*o**2 + 2*o + 1. Let v be k(c). Suppose -3*q + 0*p + 58 = v*p, p = -4*q + 84. Is q a composite number?
True
Let c be (3 + -10)*24/14. Let u = c - -27. Is u a composite number?
True
Let c be (-910)/(-84) + 2/12. Let m = -7 + c. Is m composite?
True
Let a be 0 - -2 - (-12)/2. Let z(t) = -t**2 + 9*t - 10. Let c be z(a). Is c - (-205)/(2 + -1) prime?
False
Let l(f) = -300*f + 7. Is l(-3) prime?
True
Let a be (-5 - (-3 + 0)) + 2. Suppose 2*i + a*i = 0. Suppose i*n - n + 31 = 0. Is n composite?
False
Let i be -1 + -1 + 1 + 3. Suppose -1 = a - n - 12, a = i*n + 12. Is a prime?
False
Let h = -9 + 11. Suppose -h*t + 4*o + 1111 = 3*t, 1119 = 5*t + 4*o. Is t a prime number?
True
Suppose -2*x - 3*x + 16 = -3*o, -2*o - 9 = -3*x. Suppose 0 = 4*b + 6*r - r - 12, 4*b = -3*r + 20. Suppose b = g - x. Is g prime?
True
Suppose -5*a = -2*d - 2*d + 405, -12 = -4*a. Suppose 2*i - 117 = d. Is i a composite number?
True
Let m be ((-41)/(-3))/((-2)/(-6)). Let g = m - 7. Let j = g - 20. Is j a prime number?
False
Let f(p) = 26*p - 2. Let r be f(2). Let s(j) = 16*j**2 + 1 + 0 + r*j**2. Is s(1) composite?
False
Suppose 2*v = 6*v - 580. Is v a prime number?
False
Is (-93222)/(-108) + 2/(-12) a prime number?
True
Let y(l) = -7*l - 9. Let v be y(-11). Suppose 2*u = 70 + v. Is u prime?
False
Let t(x) = 81*x - 10. Is t(13) prime?
False
Let y(l) = l**3 + 6*l**2 + 2*l + 8. Let t be y(-6). Is (1 - 303/12)*t composite?
False
Let h(k) = 83*k - 4. Is h(9) a prime number?
True
Let w = -253 + 359. Is w a prime number?
False
Let v = -1 + -1. Let d(l) = -l**3 - 2*l**2 - 4*l - 3. Let y be d(v). Suppose -2*f = -5*t + 183, 5*t + y*f = 3*t + 50. Is t composite?
True
Suppose -2789 = -5*m + 2646. Is m prime?
True
Suppose 0 = -f + 573 - 126. Is f a prime number?
False
Let s be 0/(9/(-3))*1. Suppose s = z + 1, 4*n = -0*n + z + 365. Is n prime?
False
Let u = 19 - 12. Let f(i) = -9*i**2 - 10. Let w be f(u). Let z = w + 638. Is z a prime number?
False
Is 396 - 1*(-4 - -3) a prime number?
True
Suppose 0 = -0*v + v + 46. Let u = 39 - v. Is u a prime number?
False
Let k = -318 + 569. Is k composite?
False
Suppose 177 = -k + 6*k + 4*n, 5*k - 2*n = 189. Is k a composite number?
False
Let h = 1003 + -506. Is h a composite number?
True
Let b be 4/(-14) + (-1068)/(-14). Suppose 0 = d + 4*p - 22, 5*p - 4 = -5*d + b. Suppose v - 39 = -d. Is v a prime number?
False
Let x(g) = -g**3 + 11*g**2 - 7*g + 5. Is x(10) prime?
False
Let j = -10 + 14. Suppose 0*f + 90 = 2*f + j*i, 0 = f - 3*i - 25. Is f a composite number?
False
Suppose 4*a - 3*c = a + 285, 0 = -a - 5*c + 107. Is a prime?
True
Let h = 12 - 7. Suppose -958 = -h*g + 3*l, -4*g - l + 93 + 670 = 0. Is g composite?
False
Suppose 15*g = 17*g - 406. Is g prime?
False
Is 3148*((-1)/(-3) + (-7)/84) a prime number?
True
Suppose 0 = 5*p - 2*j + 6*j - 2811, -3*p + 4*j + 1693 = 0. Is p prime?
True
Suppose 4*o = 6*y - 2*y - 5624, 4*y - 3*o = 5627. Is y a prime number?
True
Suppose 0 = -5*n - 5*t + 740, -163 = n - 2*n + 2*t. Suppose 2*l = -n - 69. Is (-2)/(1*6/l) composite?
False
Let z = 1 + 105. Suppose 2*s + 4*v = -0*s + 112, -z = -2*s - v. Suppose 0 = -i + 31 + s. Is i composite?
False
Let r(f) = -26*f - 9*f - 4 + 6. Let k be r(-6). Is (7/14)/(2/k) prime?
True
Let q(o) be the third derivative of -o**5/60 + o**4/4 + o**3/3 + o**2. Let n be q(6). Suppose 3*i = n*j + 187, 4*i + 3*j - 326 + 54 = 0. Is i prime?
False
Suppose -5*l = 3*d - d - 1969, 4*l = -2*d + 1968. Let r = 1397 - d. Is r prime?
False
Let t(x) = 283*x + 31. Is t(4) a prime number?
True
Let t(o) = -o**3 - o**2 + 7*o. Suppose -4*d - y + 4*y = 21, -4*d - 22 = -2*y. Let m be t(d). Suppose 0 = x - 4*x + m. Is x composite?
True
Suppose -2*d + 133 = -1129. Is d a composite number?
False
Let s be 14/(-21)*3/(-2). Let a = s + 55. Is (-174)/4*a/(-12) composite?
True
Suppose 0 = -2*y + 4*y - 288. Suppose -4*c = -7*z + 2*z + 191, -4*z + y = -c. Is z composite?
True
Let f(q) = 168*q**2 + q - 2. Is f(-3) composite?
True
Suppose -z - 4 = -2*z. Suppose -4*y + z*p = -16, -4 = 3*y + 2*p - 21. Let v = y + 206. Is v a composite number?
False
Let j(f) = -f**3 - 5*f**2 - 4*f + 2. Let y be (-44)/10 - 4/(-10). Let w be j(y). Suppose 2*x - 4 = 0, 2*x - 3 + w = h. Is h a prime number?
True
Let y = 9353 + -6526. Is y a composite number?
True
Suppose -4*j + 359 = -2*r - 557, -r = j - 232. Suppose -j = -o - 4*o. Is o composite?
True
Suppose -2*q - 528 = -5*k + k, -5*k + 4*q = -657. Is k composite?
True
Let u(g) = -12*g**2 + 4*g. Let k(d) = -d**2 - 3*d + 3. Let z be k(-4). Let q(l) = l. Let c(j) = z*u(j) + 3*q(j). Is c(-1) a composite number?
False
Suppose 4*d - 5*u = 286, 0*d - 4*d = 5*u - 266. Let i = d - 26. Is i composite?
False
Let p = 271 + -80. Is p composite?
False
Let y(s) = 33*s**3 - 5*s**2 + 13*s - 3. Let c(o) = -16*o**3 + 2*o**2 - 6*o + 1. Let l(j) = 9*c(j) + 4*y(j). Is l(-2) composite?
False
Suppose -3*n = 2*n + 10. Is (n/(-1))/((-4)/(-178)) a composite number?
False
Let d = -8 - -11. Suppose -5*n - 6*k + k = 420, -d*n = k + 262. Let i = n + 135. Is i composite?
True
Let v = 8 - -17. Suppose -x + 5*b - 22 = 0, x + 7*b - 3*b = 23. Suppose 2*w - c + 9 = v, -x*c = 4*w - 42. Is w composite?
True
Let u = -68 + 97. Let o = u - -38. Is o a composite number?
False
Let u be 17 - (1 - (4 - 2)). Let z be (-12156)/(-27) - 4/u. Suppose -5*q + 205 = -z. Is q a composite number?
False
Let s = -7 + 10. Suppose -v - s + 1 = 0. Is (61 - -1)*v/(-4) prime?
True
Let k = 9 - 6. Suppose 3*d = -d + k*f + 41, -3*f + 29 = d. Is d prime?
False
Let l = 306 + 335. Is l composite?
False
Suppose -4*x + 134 + 149 = -5*l, -179 = -2*x - 5*l. Is x prime?
False
Let d(g) = -54*g**2 + g - 1. Let r be d(1). Let b = 79 + r. Is b a composite number?
True
Let g(z) = z**2 + 3*z - 27. Is g(11) prime?
True
Suppose 75 = 5*n + 3*r, -71 = -5*n + r + 24. Let p = n + 35. Is p composite?
False
Suppose 0 = -4*m + 3*s + 21, -3*s - 8 = -m - 5*s. Suppose 0 = d - l - 260, -2*d + m*d + 4*l - 1056 = 0. Suppose -6*i = -4*i - d. Is i prime?
True
Let h be 6 - -4 - (-1 - -1). Suppose -8 = -b - y, 0 = b - 4*y - y - 20. Is ((-6)/b)/((-2)/h) prime?
True
Let r(d) = 5*d - 4. Let h(f) = 11*f - 7. Let v(a) = 3*h(a) - 7*r(a). Let p be v(5). Is p/(-4) - (-50)/8 prime?
True
Suppose -2*b + 20 = -0*b. Let h = b + -18. Is 1/2 - 108/h a prime number?
False
Let n be 34/10 + (-8)/20. Suppose 24 + 39 = n*c. Is c a